 + v, -3*m - 2*v = -5120. Calculate the highest common divisor of m and y.
24
Let s(o) = 8*o**2 + 2*o - 1. Suppose -4*m + 20 = 0, -3*n - 24 = -n - 4*m. Let u be s(n). What is the greatest common divisor of u and 9?
9
Let z(k) = -k**3 - 7*k**2 - k - 10. Let v be z(-7). Let g be (1 - 3) + (0 - v)*29. What is the highest common factor of 34 and g?
17
Suppose 567 = 3*m - 5*g, m + 5*g = -3*m + 756. Let p be (-21068)/(-52) - 4/26. Suppose -p = -21*o + 36. Calculate the highest common factor of o and m.
21
Let r be (3*-65)/((-48)/32). What is the greatest common factor of r and 410?
10
Suppose 204*p - 939178 = 166*p + 705234. Calculate the greatest common factor of p and 7.
7
Let y(u) = u**3 - 5*u**2 + 4*u + 8. Let m be y(7). Suppose -m = -4*h + j, 5*h + 20 - 198 = -4*j. Let g = h + 6. What is the highest common factor of 10 and g?
10
Let y(q) = 158*q**3 + q**2 + 122*q - 250. Let j be y(2). What is the highest common divisor of j and 4?
2
Let y = 5400 - 5330. What is the greatest common factor of y and 112?
14
Suppose 5*p - i = 1074, -3*p + 3*i - 105 = -759. Suppose 0 = 7*v - p + 74. Suppose 7*w - 2*w = v. What is the highest common factor of w and 12?
4
Let u = 1037 - 722. Suppose 59 = -32*o + u. Let g(i) = 2*i. Let s be g(2). Calculate the greatest common factor of o and s.
4
Suppose -9*a = -34*a + 19625. Calculate the greatest common divisor of a and 157.
157
Suppose 23*f = 26*f - 12. Suppose -f*l - 5*o = -17, 3*l = -4*o + 2*o + 11. Suppose -l*w = 3*w - 1260. What is the highest common factor of w and 30?
30
Suppose 0 = 2*n - n. Suppose 343 = -n*p - 4*p + d, 0 = -3*p + 5*d - 270. Let x = p + 100. Calculate the greatest common factor of 105 and x.
15
Let f be 93 + (2 - (-13 - -13)). Let l = 49 + -30. What is the greatest common factor of l and f?
19
Suppose 2357 = 5*p - 3*f, -4*p + 4*f = p - 2361. Let m = p - 454. What is the greatest common divisor of 105 and m?
15
Suppose 7*b + 31 = -25. Let g(v) = -v**2 - 6*v + 12. Let f be g(b). Let n = f + 28. What is the highest common divisor of n and 12?
12
Suppose m = 4*j + 512, -197 - 288 = -m - 5*j. Suppose l - 2*z - m = 0, 3*l - 4*z - 1567 = -73. Calculate the greatest common divisor of 19 and l.
19
Suppose q + 112 = 3*n + 940, 4*q = -5*n + 3295. Calculate the highest common factor of 363 and q.
33
Suppose 4*g - 88 = -n, g - 47 + 35 = n. What is the greatest common factor of g and 23620?
20
Suppose m + 1326 = m + 34*m. Calculate the highest common divisor of 19617 and m.
39
Suppose -3*p = d + 5 - 21, 0 = -3*d + 3*p. Suppose 0 = 4*n - n - d*v - 112, 3*n + 2*v = 142. Calculate the highest common divisor of 198 and n.
22
Suppose -513*r + 499*r = -6440. Suppose 29*k = 468 + r. What is the highest common factor of k and 352?
32
Let b be (-4325)/(-346) - (-2)/(-4). What is the greatest common factor of 24 and b?
12
Let u be 467/2 - ((-13)/(-377) + 589/(-1102)). Let l = 16 - 10. Let c be (-3 + 1)/(l/(-39)). Calculate the greatest common divisor of u and c.
13
Let u be (-2411)/(-3) + 2/6. Suppose 287*m = 252*m + 40460. Suppose -m = -5*r + u. What is the highest common divisor of r and 49?
49
Let k(o) = 2*o**2 - 37*o + 228. Let p be k(12). Let d be ((-24)/(-14))/((-1)/(-105)). Calculate the highest common divisor of d and p.
36
Let p(z) = z**3 + 7*z**2 + 42*z - 136. Let w be p(3). Suppose -4*g = -j + 42, -g + 7 = j - 20. What is the greatest common divisor of j and w?
10
Let o be (7072/1456)/(1/749). Calculate the highest common factor of 102 and o.
34
Let f = -380 - -42. Let y = f + 494. What is the greatest common factor of y and 130?
26
Let w = 44367 + -42924. What is the greatest common factor of 975 and w?
39
Suppose 8*w - 5*w - 205*w + 569842 = 0. Calculate the highest common factor of w and 182.
91
Let j(c) = -c - 2. Let y be j(-4). Let k be y/(16/28)*2. Suppose k*g = -3*g + 650. Calculate the greatest common factor of g and 13.
13
Let p(w) = -w**2 - 17*w + 2. Let h be p(-15). Let s = h + -9. Let j = s + -18. Calculate the highest common divisor of 5 and j.
5
Let k = 210 - 206. Suppose 4*c + 2*g = 4*g + 88, k*c = -4*g + 100. Calculate the greatest common divisor of c and 184.
23
Suppose 85*p - 11625 = -72*p + 142*p. Calculate the highest common factor of 1395 and p.
155
Let u(t) = 17*t - 117. Let x be u(27). Suppose 42*s - x = 39*s. What is the highest common divisor of s and 152?
38
Suppose -2422*s = -2434*s + 1632. What is the highest common factor of s and 7820?
68
Let w(s) = 72*s - 779. Let h be w(18). Let q(d) = -13*d - 5. Let o be q(-4). Calculate the greatest common factor of o and h.
47
Suppose -7236 + 1464 = -26*n. Calculate the highest common divisor of n and 174.
6
Suppose r - f - 4 = 0, 9 - 21 = -r - 3*f. Let y be -517*(r - 42/6). Calculate the greatest common divisor of 11 and y.
11
Let m(y) = -157*y - 3073. Let l be m(-20). What is the greatest common divisor of l and 22579?
67
Let x be 14*6/72*6. Let i be -3 + 132 - (x - 4). Calculate the highest common divisor of 45 and i.
9
Suppose 705 = -9*s + 9453. Let a = 980 - s. Calculate the greatest common factor of a and 36.
4
Let w = 10714 + -10618. Calculate the highest common divisor of w and 1616.
16
Let l(d) = 2*d**3 - 13*d**2 + d + 3. Suppose -3*r + 46 = r - 3*f, -r - 3*f = -4. Let h be l(r). Calculate the greatest common factor of 31 and h.
31
Let l be 22/121 - 303/33. Let z(h) = 4*h**2 - 2*h + 50. Let s be z(l). Calculate the highest common divisor of s and 49.
49
Suppose -2*p = -4*p + 4. Suppose 0 = -p*a - a - 33. Let n = 15 + a. Calculate the highest common divisor of 20 and n.
4
Let d be (-14)/10 - 6*(-4518)/270. Calculate the greatest common divisor of d and 110.
11
Suppose -71 = 16*j - 255 - 440. What is the greatest common factor of j and 3?
3
Let x be -1 + 1 - (-6 - 0). Suppose -3*n + 5*w + 370 = 0, 3*n + 2*w = -3*w + 320. Let i = n - 109. What is the greatest common factor of x and i?
6
Let v = -801 - -817. Let y be (-20 - -728) + (v/(-2) - -2). What is the highest common factor of 13 and y?
13
Let b be (-5)/(45/(-456)) - (132/9 - 14). Calculate the highest common factor of 1075 and b.
25
Let p(c) = c**2 + 14*c + 28. Let q be p(-9). Suppose d - 4 = -3*f, 0 + 4 = -d - f. Let w = d - q. What is the highest common divisor of w and 99?
9
Suppose -3*k + 11 = 3*q - 1, -k = 2*q - 1. Let t(h) = h**2 - 5*h - 7. Let r be t(k). Let g be r*2*(-1 + 1 + 2). What is the greatest common divisor of g and 42?
14
Let y(r) = -2*r**2 + 21*r - 118. Let p be y(28). Let c be 6/4 - 3 - p/12. What is the greatest common factor of 36 and c?
18
Suppose 0 = q - 4, 3*q = -4*m - 13 + 81. Let w(k) = 15*k - 57. Let d be w(22). What is the greatest common divisor of m and d?
7
Suppose -13*j - 142222 = -65*j - 42*j. What is the highest common divisor of 425 and j?
17
Let k = 180 - 152. Suppose 237 = q + 5*z, 0 = -2*z - 3 - 3. Suppose -3*s + q = 3*s. Calculate the highest common factor of s and k.
14
Let h = 163969 + -163967. Suppose k - b = 221, b - 356 - 101 = -2*k. Calculate the greatest common divisor of h and k.
2
Suppose 6*v + 5*b - 29 - 3 = 0, -2*b + 44 = 5*v. What is the greatest common factor of 2913 and v?
3
Suppose 0 = -5*s - 5*r + 150, -9*s + 8*r = 4*r - 231. Let y(z) = 917*z**3 + z**2 - z + 1. Let l be y(1). What is the greatest common factor of s and l?
27
Suppose 5*t = -3*k + 388, 3*k + 632 = 8*k + t. Suppose 3*r = 2*c - 17, 6*r = 7*c + r - 54. Calculate the greatest common factor of k and c.
7
Let i(s) = s**2 + 11*s - 27. Let m be i(-18). Suppose -112*f + 780 = -m*f. What is the greatest common divisor of 240 and f?
60
Suppose -64 = -11*h + 4*h - h. Calculate the greatest common factor of 472 and h.
8
Let r = 28 - -72. Suppose r = 2*c + 296. Let w = c + 164. What is the highest common factor of w and 99?
33
Let d(b) = b**2 + 14*b + 30. Let v be (-4)/(-1) + 9/18*-42. Let w be d(v). Calculate the greatest common divisor of w and 3.
3
Let n(p) = -17*p**2 - 1659*p - 142. Let k be n(-97). Calculate the greatest common factor of 252 and k.
36
Let o(t) = -3*t + 38. Let x(w) = 29*w + 21. Let b be x(-1). Let s be o(b). Calculate the greatest common divisor of 4 and s.
2
Let m = 1703 - -16525. Calculate the highest common factor of 248 and m.
124
Let i = -212 - -44. Let r = i - -186. Calculate the highest common divisor of 2 and r.
2
Suppose 5*q - 337 = -4